 = -r**3 + 21. What is i(0)?
21
Let w(r) = -r**3 + 11*r**2 - 25*r + 5. Determine w(8).
-3
Let n(d) = -d**3 - d**2 + 22. Calculate n(0).
22
Let v(o) = -o + 4. Calculate v(5).
-1
Let t(m) = -6*m - 11. Determine t(-5).
19
Let x(z) = -z**2 + z + 3. Calculate x(0).
3
Let j(i) = -5*i + 10. What is j(4)?
-10
Let t(d) = -d**3 - 19*d**2 + 14*d + 268. What is t(-19)?
2
Let s(x) = -x**2 + 14*x - 41. Calculate s(8).
7
Let t(k) = 47*k + 87. What is t(-3)?
-54
Let q(o) = 9*o - 2. Determine q(-1).
-11
Let c(m) = -5*m**2 - 10. Give c(0).
-10
Let r(x) = 3*x**3 + x. Give r(-2).
-26
Let m(l) = 7*l - 6. Give m(3).
15
Let f(r) = r**2 + 4*r + 2. Give f(-7).
23
Let o(q) = 3*q + 17. Calculate o(-8).
-7
Let m(l) = -l + 25. Give m(12).
13
Let z(b) = b**2 + 16*b. Give z(-16).
0
Let c(l) = -l**3 + 11*l**2 - 2*l - 6. Determine c(11).
-28
Let w(p) = 5*p + 6. Give w(-9).
-39
Let w(k) = k**2 - k - 111. Determine w(-12).
45
Let j(h) = 32*h - 67. Give j(2).
-3
Let t(w) = -2*w**3 - 2*w**2 - 2*w - 6. Give t(-3).
36
Let a(d) = d**3 - 5*d**2 - 11*d - 31. Determine a(7).
-10
Let l(z) = -z + 12. Give l(-13).
25
Let a(t) = -t**2 - 10*t + 17. Give a(-14).
-39
Let x(k) = 5*k + 64. Give x(-14).
-6
Let m(y) = -2*y**2 - 4*y + 5. Calculate m(3).
-25
Let y(c) = 9*c. Determine y(-8).
-72
Let y(r) = -r**3 + r**2 - r + 19. What is y(0)?
19
Let r(t) = 2*t**2 + 7*t - 18. What is r(-5)?
-3
Let q(k) = -k**3 - 2*k**2 + 14*k. Give q(-6).
60
Let g(t) = 136*t - 948. Give g(7).
4
Let p(s) = -s**3 + 3*s**2 + 5*s + 8. Determine p(5).
-17
Let k(v) = -v**3 - 3*v + 2. Give k(2).
-12
Let j(b) = -b**3 + 8*b**2 + 6*b - 8. Give j(6).
100
Let t(b) = 2*b**2 + 15*b - 2. Give t(-7).
-9
Let o(t) = -11*t - 4. Give o(2).
-26
Let t(a) = -10*a - 23. Calculate t(-2).
-3
Let t(f) = -19*f**3 - f**2 + f - 1. Give t(1).
-20
Let t(g) = -18*g**2 - 54*g + 2. Determine t(-3).
2
Let f(q) = -8*q - 16. Give f(7).
-72
Let u(v) = v**2 + 4*v - 14. Determine u(-6).
-2
Let g(w) = w**2 - 13*w + 10. Determine g(12).
-2
Let i(l) = -l**3 + 26*l**2 + 32*l - 115. Give i(27).
20
Let s(z) = 8*z + 26. Give s(-6).
-22
Let c(g) = -10*g**3 + 2*g**2 - 3. Give c(-1).
9
Let z(l) = 47*l**2 + 6*l - 4. What is z(1)?
49
Let y(x) = -5*x**2 + 3. Calculate y(0).
3
Let s(m) = -m**2 - 6*m. Give s(-8).
-16
Let f(b) = 19*b + 107. What is f(-6)?
-7
Let t(d) = 2*d + 3. Calculate t(3).
9
Let r(d) = d**3 - 4*d**2 + 2*d. Determine r(2).
-4
Let n(y) = -4*y - 11. What is n(-5)?
9
Let s(v) = -2*v**2 - 14*v - 2. What is s(-6)?
10
Let r(g) = g**2 - 4*g - 9. What is r(-6)?
51
Let h(z) = 2*z**2 + 5*z - 1. Give h(0).
-1
Let c(a) = a**3 + 4*a**2 + 2*a - 3. Give c(-3).
0
Let q(r) = r**2 - 5*r - 13. Give q(7).
1
Let s(y) = -y**2 - 4*y. Determine s(0).
0
Let b(c) = -9*c - 23. Give b(-7).
40
Let i(l) = -9*l**2 - l. Give i(1).
-10
Let i(r) = -7*r - 5. Calculate i(3).
-26
Let o(c) = 2*c**2 - 2*c - 2. What is o(-2)?
10
Let b(v) = v + 2. Determine b(-4).
-2
Let r(c) = -c**3 - 30*c**2 + 4*c + 100. What is r(-30)?
-20
Let n(h) = -h**3 - 49*h**2 - 5*h - 230. Calculate n(-49).
15
Let n(w) = -2*w - 3. What is n(3)?
-9
Let q(j) = j + 28. Give q(-17).
11
Let v(u) = -u**3 + u - 4. Give v(-3).
20
Let b(j) = -3*j + 2. Determine b(7).
-19
Let n(r) = 7*r**2 + 4*r. Calculate n(3).
75
Let v(c) = -5*c - 77. Determine v(-13).
-12
Let y(z) = 3*z**3 + 4*z**2 + 2*z. Calculate y(-2).
-12
Let y(a) = a**3 + 9*a**2 - 4*a + 57. Calculate y(-10).
-3
Let a(p) = p**2 + 11*p + 15. What is a(-12)?
27
Let w(p) = -9*p + 93. Calculate w(11).
-6
Let n(v) = v - 14. What is n(0)?
-14
Let o(c) = -26*c**3 + 3*c**2 - 5*c + 3. Give o(1).
-25
Let m(q) = 4*q + 10. What is m(-12)?
-38
Let g(t) = -3*t**2 + 20*t - 5. What is g(6)?
7
Let k(l) = -2*l**3 + 15*l**2 - 2*l + 8. What is k(8)?
-72
Let i(n) = -2*n**3 - n**2 + 6*n - 21. What is i(0)?
-21
Let k(l) = -2*l**3 + 2*l**2 + 6*l - 2. What is k(-2)?
10
Let g(z) = z**3 + z**2 + 2*z - 2. What is g(0)?
-2
Let c(m) = -8*m**2 + 1. Determine c(1).
-7
Let x(s) = s**3 + 23*s**2 - s - 34. Give x(-23).
-11
Let s(t) = t**3 - 8*t**2 - 13*t + 20. Give s(8).
-84
Let c(o) = o**2 + 45*o - 615. Give c(11).
1
Let v(h) = -3*h**3 + h**2 + 3*h - 3. Determine v(3).
-66
Let x(c) = c**3 + 3*c**2 + 3*c + 3. Determine x(-3).
-6
Let q(g) = -3*g - 49. Determine q(-7).
-28
Let c(k) = 10*k. What is c(-2)?
-20
Let v(k) = k + 4. Give v(-5).
-1
Let x(v) = -2*v**2 - 7*v + 42. Give x(-6).
12
Let a(y) = y**3 - 6*y**2 - 8*y - 15. Calculate a(7).
-22
Let x(o) = o**2 + o + 7. Give x(-3).
13
Let s(v) = 9*v - 93. Calculate s(11).
6
Let m(p) = -2*p - 5. Determine m(7).
-19
Let c(x) = -2*x**2 + 3*x - 12. Give c(5).
-47
Let j(u) = u**2 + 11*u + 2. Calculate j(-10).
-8
Let l(c) = 2*c**2. Calculate l(-1).
2
Let g(h) = -62*h + 133. Give g(2).
9
Let w(g) = -g**2 - 2*g - 14. What is w(0)?
-14
Let p(y) = 16*y - 53. Calculate p(3).
-5
Let i(y) = -y**3 - 11*y**2 + 11*y - 8. Determine i(-12).
4
Let r(p) = -p - 7. Give r(12).
-19
Let t(w) = w**2 + 11*w + 16. What is t(-7)?
-12
Let r(w) = 3*w + 3. Calculate r(3).
12
Let c(s) = -s**3 + 2*s**2 - 3*s + 16. What is c(-5)?
206
Let t(q) = -3*q**2 - 33*q - 34. Give t(-10).
-4
Let t(k) = k**2 - 31*k - 360. What is t(-9)?
0
Let r(a) = 11*a**2 - 26*a - 1. Give r(3).
20
Let n(p) = 6*p - 69. Give n(9).
-15
Let y(c) = c**3 - 42*c**2 + 80*c + 3. Determine y(40).
3
Let h(y) = -y**2 + 10*y - 22. Calculate h(7).
-1
Let a(m) = 2*m**3 + 31*m**2 + 43*m + 20. Calculate a(-14).
6
Let m(y) = -y**3 + 3*y**2 - 2*y + 4. Give m(3).
-2
Let s(o) = 15*o. Calculate s(1).
15
Let p(t) = -t**2 + 6*t + 15. Give p(6).
15
Let z(j) = j**3 - 26*j**2 - 29*j + 60. Give z(27).
6
Let n(c) = c**3 - 3*c**2 - 2*c - 2. Give n(3).
-8
Let t(b) = -b**3 + 19*b**2 - 31*b - 20. What is t(17)?
31
Let z(u) = -u**3 - 16*u**2 + 18*u + 51. Calculate z(-17).
34
Let p(z) = z**3 + 14*z**2 + 10*z - 8. Calculate p(-13).
31
Let t(o) = o**2 + 11*o - 5. What is t(-11)?
-5
Let u(k) = -k**2 - 7*k - 1. Give u(-4).
11
Let r(p) = -p - 22. Give r(-13).
-9
Let c(i) = -42*i - 459. Give c(-11).
3
Let v(i) = -2*i**3 - 9*i**2 + 6*i - 6. What is v(-5)?
-11
Let g(x) = 2*x. Determine g(-3).
-6
Let t(m) = 87*m - 1. Determine t(1).
86
Let b(j) = 3*j**2 + 104*j - 36. Determine b(-35).
-1
Let s(y) = -9*y**2. What is s(1)?
-9
Let r(g) = -5*g + 30. Calculate r(11).
-25
Let s(n) = n**2 - 10*n + 41. Give s(6).
17
Let w(m) = 55*m**3 - 3*m**2 - 4*m - 1. Calculate w(-1).
-55
Let p(d) = 3*d**3 + d**2 - 4*d - 3. What is p(-2)?
-15
Let x(c) = -c**3 + 6*c**2 + 9*c + 6. Determine x(8).
-50
Let r(x) = x**2 + 11*x - 10. Calculate r(-9).
-28
Let l(g) = g + 18. Determine l(0).
18
Let i(a) = -4*a - 13. What is i(-4)?
3
Let h(u) = -u**3 + 23*u**2 + 49*u + 32. Give h(25).
7
Let a(f) = -3*f - 11. Calculate a(-12).
25
Let q(a) = a**3 + 28*a**2 + 95*a - 14. Determine q(-24).
10
Let s(q) = 2*q**2 - 10*q - 4. What is s(-5)?
96
Let u(c) = 2*c + 3. Determine u(12).
27
Let p(q) = -q**2 + 15*q - 4. Calculate p(11).
40
Let q(i) = i**3 - 26*i**2 - 4*i + 107. Determine q(26).
3
Let g(c) = c**2 + 7*c - 4. Calculate g(-7).
-4
Let r(a) = a**3 - 9*a**2 - 5*a + 13. Give r(9).
-32
Let w(l) = -4*l + 18. Determine w(3).
6
Let f(m) = 28*m**2 - 2*m - 1. What is f(-1)?
29
Let s(t) = t - 27. What is s(18)?
-9
Let x(i) = i + 2. Determine x(6).
8
Let p(v) = -21*v - 1. What is p(3)?
-64
Let a(t) = t**3 + 6*t**2 - 3*t - 6. Calculate a(-6).
12
Let w(k) = k**2 + 53*k + 58. What is w(-52)?
6
Let w(p) = -p**3 - 2*p**2 + 7*p + 6. Give w(-5).
46
Let o(k) = -29*k + 10. Determine o(3).
-77
Let y(o) = o**3 + 23*o**2 + 92*o + 22. Give y(-18).
-14
Let m(b) = -9*b**2 + 2*b + 2. What is m(-1)?
-9
Let x(t) = 3*t + 43. Give x(-10).
13
Let g(c) = 2*c**2 - 10*c - 14. What is g(6)?
-2
Let b(w) = -18*w + 15. What is b(3)?
-39
Let n(w) = 3*w - 6. Determine n(7).
15
Let x(g) = -38*g + 19. What is x(4)?
-133
Let k(c) = -c + 8. Determine k(-10).
18
Let a(h) = -h**3 - 7*h**2 - 8*h - 11. What is a(-6)?
1
Let g(n) = n**3 - 5*n**2 - 3*n + 6. What is g(7)?
83
Let c(h) = 5*h**3 - h**2 - h. Calculate c(2).
34
Let g(n) = -n**2 + n + 12. What is g(-6)?
-30
Let r(z) = z + 19. What is r(-5)?
14
Let s(z) = 12*z + 135. Give s(-10).
15
Let j(t) = -17*t**2 - 5*t + 1. What is j(2)?
-77
Let x(w) = -14*w + 390. Give x(27).
12
Let b(j) = -2*j - 21. Determine b(-10).
-1
Let j(a) = 2*a + 19. Give j(-4).
11
Let h(x) = -10*x**3 + 2*x**2 + 3*x - 4. Giv